456
Convert 5129b (base 12) to base 15.
21545
Convert -4b635 (base 12) to base 8.
-310711
What is -1021010122200 (base 3) in base 7?
-5465565
1212212002 (base 3) to base 6
443345
Convert -729184 (base 13) to base 14.
-4d942b
What is -844b1 (base 12) in base 9?
-284007
-1233313311 (base 4) to base 8
-1576765
Convert -104342 (base 13) to base 9.
-640125
Convert -1667163 (base 8) to base 3.
-220202002001
Convert 1600416 (base 8) to base 2.
1110000000100001110
589484 (base 12) to base 7
15060145
Convert 22240522 (base 7) to base 2.
111010110001011100111
2d6ad (base 16) to base 2
101101011010101101
Convert -1122011211022 (base 3) to base 6.
-30345442
What is -306375 (base 9) in base 12?
-89288
Convert -11a9a7 (base 11) to base 7.
-1421354
Convert 177808 (base 11) to base 2.
1000010110110100111
Convert 10113110 (base 4) to base 5.
1033001
30425500 (base 6) to base 5
210443024
-101310420 (base 5) to base 16
-65a68
Convert 8385b (base 15) to base 4.
1211303303
Convert -dc83 (base 16) to base 14.
-16803
-344978 (base 12) to base 15
-118345
-7d571d (base 14) to base 2
-10000010100101111111111
Convert 12212324 (base 6) to base 14.
a251a
What is -4108 (base 15) in base 11?
-a355
89739 (base 11) to base 7
1050666
Convert -11244020 (base 6) to base 14.
-90c7a
What is -1394b (base 14) in base 2?
-1011110101011111
What is 8347803 (base 9) in base 12?
15b14a9
Convert -10021110 (base 5) to base 11.
-54830
What is -55720 (base 11) in base 13?
-2a98c
Convert 1555774 (base 8) to base 11.
287816
What is -13324221 (base 5) in base 12?
-6698a
What is 3200323332 (base 5) in base 8?
31277505
Convert -230123213 (base 5) to base 2.
-11111001001000010001
What is -3643013 (base 8) in base 7?
-11336166
Convert -2490a9 (base 13) to base 4.
-3112003012
What is 136820 (base 10) in base 4?
201121310
Convert 110020042 (base 5) to base 13.
135c27
66954 (base 10) to base 2
10000010110001010
Convert -97074 (base 16) to base 12.
-259bb0
13705333 (base 8) to base 11
18389a0
Convert -500315 (base 6) to base 11.
-27334
What is -20616526 (base 8) in base 13?
-bb0022
Convert 6e490 (base 16) to base 2.
1101110010010010000
-2109c (base 13) to base 11
-40734
Convert -aa2c2 (base 15) to base 10.
-540632
Convert 38864 (base 16) to base 15.
488ee
1434433333 (base 5) to base 7
44350302
-c2921 (base 16) to base 12
-325255
What is -122222011111220 (base 3) in base 11?
-5432796
Convert -5521217 (base 8) to base 4.
-11222022033
-11203122 (base 5) to base 13
-36920
What is -5455745 (base 9) in base 8?
-13133433
What is -607011 (base 8) in base 11?
-127461
Convert 112212101010 (base 3) to base 2.
1000111011011111010
What is 32c00a (base 13) in base 8?
4442477
Convert 1010000011110100010101 (base 2) to base 12.
a72105
1573263 (base 10) to base 13
431133
Convert -8aab (base 15) to base 12.
-1502b
Convert 570500 (base 14) to base 12.
ba8484
What is 4235513 (base 7) in base 8?
1752547
-36065 (base 10) to base 6
-434545
-1a47222 (base 11) to base 12
-11a47a2
What is 99306 (base 10) in base 14?
28294
-3120031 (base 5) to base 4
-30201002
Convert -42554121 (base 6) to base 10.
-1259329
What is 222221201121 (base 3) in base 12?
217014
What is 21212212111 (base 3) in base 2?
100101111000101110
What is 230040201 (base 6) in base 9?
7817181
Convert -27a939a (base 11) to base 10.
-4829340
Convert 10041320 (base 5) to base 4.
103233003
Convert 5014703 (base 9) to base 6.
133100220
Convert 10101010110011101 (base 2) to base 3.
11102222000
-56a2b (base 12) to base 7
-660542
174124 (base 12) to base 4
1201322230
Convert 204100133 (base 6) to base 10.
3553689
What is 9e1e (base 15) in base 6?
415202
Convert -444005353 (base 6) to base 8.
-36473705
-c5b4b1 (base 13) to base 10
-4623308
What is -2322b3 (base 15) in base 11?
-a46779
9a5e (base 16) to base 3
2000012122
What is -860808 (base 11) in base 10?
-1377230
What is -4726106 (base 8) in base 13?
-361abb
Convert 310326 (base 16) to base 7.
36205431
Convert -97c91 (base 14) to base 13.
-cb31c
What is -573442 (base 8) in base 3?
-100212120201
18488803 (base 10) to base 13
3aa4628
Convert -12021110011 (base 3) to base 14.
-29bb8
What is -402185 (base 13) in base 7?
-15443366
Convert 6558 (base 11) to base 5.
234104
Convert -605815 (base 10) to base 7.
-5102140
Convert 415b5 (base 12) to base 16.
14e19
What is 1363044 (base 7) in base 10?
183537
What is -100110111000011000110011 (base 2) in base 3?
-201011211101121
Convert -1414261 (base 10) to base 6.
-50151301
What is 22211223301 (base 4) in base 3?
12020000200011
What is 288654 (base 9) in base 6?
3443121
43304302 (base 5) to base 8
1321257
Convert -48a480 (base 11) to base 3.
-1110101101122
What is -10403a (base 13) in base 5?
-44131010
Convert -10011110211120 (base 3) to base 9.
-3143746
-864c23 (base 14) to base 7
-53433643
Convert -e381 (base 16) to base 11.
-3a837
Convert -252106 (base 8) to base 6.
-1511142
110111101110001000110 (base 2) to base 7
21343133
What is 95944 (base 10) in base 13?
34894
-253200141 (base 6) to base 9
-10220367
Convert 15050 (base 7) to base 8.
10067
Convert -12644346 (base 7) to base 15.
-181db0
-491354 (base 10) to base 3
-220222000022
What is -3506314 (base 7) in base 12?
-1921ba
Convert -2991803 (base 13) to base 12.
-4533268
Convert -3043023 (base 7) to base 8.
-1306115
What is -2399364 (base 10) in base 7?
-26252142
What is -9a5c9 (base 15) in base 8?
-1676301
What is -20122332 (base 4) in base 11?
-23a09
Convert 330132312 (base 4) to base 11.
15a143
-2e0a6 (base 15) to base 9
-245823
-2244871 (base 9) to base 10
-1210852
What is -1e6174 (base 15) in base 4?
-11223131011
Convert 6373a2b (base 12) to base 4.
1013301110003
-32620020 (base 7) to base 5
-1204432320
Convert 17174 (base 14) to base 10.
57922
What is -1137666 (base 9) in base 2?
-10010110010110001110
30192b (base 16) to base 10
3152171
Convert -2360250 (base 7) to base 15.
-5de73
What is 103113120333 (base 4) in base 13?
1089894
-11220110011 (base 3) to base 15
-1d921
Convert -64d6 (base 15) to base 11.
-15050
Convert -1b85e6 (base 15) to base 6.
-44452543
Convert -1662ba (base 13) to base 12.
-229b50
-101331132 (base 4) to base 5
-4323231
-1534a9 (base 12) to base 16
-57801
10454 (base 13) to base 8
71172
Convert -11b205 (base 14) to base 2.
-10010100001001100101
What is 2208b6 (base 16) in base 10?
2230454
-111010111100011111 (base 2) to base 5
-30211224
Convert 51204353 (base 7) to base 12.
151b45b
1836395 (base 10) to base 5
432231040
Convert 1a425bb (base 12) to base 15.
74cd12
What is 221201021011 (base 3) in base 15?
9ee64
-773386 (base 9) to base 6
-13521510
Convert 427958 (base 16) to base 14.
8158a4
Convert -7a1c66 (base 13) to base 12.
-b73a36
What is 121120212020 (base 3) in base 2?
1001111101101011010
Convert 140001002 (base 5) to base 12.
29ab84
What is -110122101212 (base 3) in base 10?
-248882
What is -1110865 (base 10) in base 9?
-2072734
37854b (base 12) to base 8
3352013
-44509 (base 12) to base 8
-260731
Convert -20312002 (base 4) to base 8.
-106602
What is 314041343 (base 5) in base 6?
44104555
482320 (base 14) to base 15
33a453
What is -12001111323 (base 4) in base 5?
-401001423
-51649 (base 16) to base 11
-208528
Convert 119706 (base 13) to base 10.
420816
What is 86479a (base 12) in base 8?
10062546
-10011001001010110100000 (base 2) to base 11
-2918974
What is 16a80c (base 16) in base 10?
1484812
Convert -2142400002 (base 5) to base 3.
-22202101220001
Convert 6768b (base 13) to base 12.
90882
Convert -80968d (base 16) to base 11.
-4836495
Convert -10184b2 (base 13) to base 12.
-1770573
Convert -2054207 (base 8) to base 5.
-120000301
Convert -ac647 (base 14) to base 10.
-418327
Convert 2a5bde (base 15) to base 4.
13303022033
Convert 740702 (base 11) to base 13.
327240
Convert -9b201 (base 15) to base 9.
-831481
What is 1100011000100001111011 (base 2) in base 15?
441c88
-29088 (base 15) to base 16
-202a9
Convert 16c59 (base 13) to base 8.
125505
Convert 699a477 (base 11) to base 5.
11112140342
What is -546105 (base 7) in base 11?
-65a37
What is 10110000100000 (base 2) in base 5?
330141
-a175 (base 11) to base 3
-200112111
-211002123 (base 4) to base 10
-151707
Convert 21221021210 (base 3) to base 13.
56148
2010412 (base 5) to base 7
162146
Convert -1200303222 (base 4) to base 9.
-663830
What 